 of 79?
False
Is 87363 a multiple of 153?
True
Does 30 divide 701174?
False
Is 9 a factor of 15197652?
True
Does 4 divide 2744?
True
Does 136 divide 4596157?
False
Does 331 divide 226073?
True
Is 15 a factor of 14594085?
True
Is 859200 a multiple of 320?
True
Is 1625795 a multiple of 61?
False
Is 570463 a multiple of 10?
False
Is 17 a factor of 966563?
False
Is 24170 even?
True
Is 9648971 a multiple of 30?
False
Does 137 divide 3576385?
True
Does 10 divide 2944335?
False
Is 317655 a multiple of 585?
True
Is 107258 a multiple of 60?
False
Does 182 divide 892710?
True
Is 82673 a multiple of 4?
False
Does 18 divide 1111228?
False
Does 93 divide 2567172?
True
Is 13 a factor of 4259557?
False
Does 18 divide 922014?
True
Is 410 a factor of 630634?
False
Is 204 a factor of 625494?
False
Is 131589 a multiple of 138?
False
Is 40 a factor of 72560?
True
Does 29 divide 179046?
True
Does 33 divide 1280664?
True
Is 51 a factor of 44286?
False
Does 132 divide 34841?
False
Is 2938550 a multiple of 28?
False
Is 7315 a multiple of 7?
True
Is 1535 a factor of 6198330?
True
Is 366 a factor of 2207712?
True
Is 1332198 a multiple of 11?
False
Is 2239985 a multiple of 31?
False
Is 28 a factor of 40169?
False
Does 22 divide 169664?
True
Is 293310 a multiple of 5?
True
Is 65171 a multiple of 378?
False
Is 378895 a multiple of 55?
True
Does 210 divide 688589?
False
Is 248 a factor of 35316?
False
Is 11 a factor of 1259173?
False
Does 90 divide 128376?
False
Is 19 a factor of 14951?
False
Does 207 divide 24715?
False
Is 373 a factor of 1423745?
False
Is 365 a factor of 6915655?
True
Is 113 a factor of 2386560?
True
Is 48156 a multiple of 95?
False
Is 10241255 a multiple of 14?
False
Does 25 divide 1036400?
True
Is 51 a factor of 27131?
False
Is 1331216 a multiple of 464?
True
Does 1135 divide 4266713?
False
Does 4 divide 45602?
False
Does 97 divide 44717?
True
Is 63 a factor of 298179?
True
Does 13 divide 132665?
True
Is 330 a factor of 329340?
True
Is 107730 a multiple of 38?
True
Is 4591337 a multiple of 1542?
False
Is 67 a factor of 7662404?
False
Does 36 divide 35892?
True
Is 364 a factor of 146558?
False
Does 8 divide 13944?
True
Is 1071 a factor of 1481193?
True
Is 17031067 a multiple of 57?
False
Does 46 divide 930572?
False
Is 2 a factor of 108691?
False
Is 48 a factor of 148039?
False
Is 121 a factor of 9946805?
True
Is 189 a factor of 841053?
False
Does 11 divide 143110?
True
Is 5293629 a multiple of 1089?
True
Is 26 a factor of 750412?
True
Is 5973966 a multiple of 27?
True
Is 15 a factor of 316650?
True
Is 22428 a multiple of 63?
True
Is 1748952 a multiple of 41?
False
Does 10 divide 1717930?
True
Does 5 divide 703468?
False
Is 691054 a multiple of 13?
True
Is 16 a factor of 2414704?
True
Does 2 divide 75174?
True
Does 17 divide 48742?
False
Is 90 a factor of 4715100?
True
Is 3 a factor of 530479?
False
Does 76 divide 20521216?
True
Is 212 a factor of 212212?
True
Is 4189569 a multiple of 16?
False
Is 5 a factor of 257274?
False
Is 77 a factor of 1150919?
True
Is 5 a factor of 3460367?
False
Is 138 a factor of 2914158?
False
Does 10 divide 381429?
False
Does 6 divide 748548?
True
Is 26 a factor of 191148?
False
Is 142992 a multiple of 54?
True
Does 333 divide 1276056?
True
Does 20 divide 120200?
True
Is 183 a factor of 58194?
True
Is 4 a factor of 52273?
False
Does 454 divide 997230?
False
Does 43 divide 114638?
True
Does 10 divide 100180?
True
Is 121 a factor of 74294?
True
Does 749 divide 150549?
True
Is 94478 a multiple of 4?
False
Does 317 divide 11412?
True
Is 1304 a factor of 6766456?
True
Is 4224849 a multiple of 93?
False
Is 405167 a multiple of 21?
False
Is 98 a factor of 136220?
True
Does 92 divide 7203876?
True
Is 249075 a multiple of 25?
True
Does 264 divide 3942576?
True
Is 3 a factor of 33765?
True
Does 409 divide 250164?
False
Does 12 divide 685207?
False
Does 476 divide 1046248?
True
Does 13 divide 202033?
True
Is 48 a factor of 2706528?
True
Is 1276668 a multiple of 108?
True
Is 72 a factor of 153360?
True
Is 5046663 a multiple of 831?
True
Does 9 divide 501309?
True
Is 1553117 a multiple of 266?
False
Is 800 a factor of 333600?
True
Is 5613087 a multiple of 5?
False
Does 2 divide 7244?
True
Is 5882971 a multiple of 986?
False
Does 14 divide 493183?
False
Is 60232 a multiple of 7?
False
Is 13 a factor of 8069964?
False
Does 32 divide 3400648?
False
Is 450 a factor of 602550?
True
Does 167 divide 2836493?
False
Is 7050802 a multiple of 28?
False
Is 31 a factor of 1127005?
True
Is 316057 a multiple of 163?
True
Is 23634 a multiple of 26?
True
Does 15 divide 625163?
False
Is 15 a factor of 2646002?
False
Is 19408836 a multiple of 1108?
True
Does 146 divide 171566?
False
Is 332706 a multiple of 6?
True
Does 41 divide 112750?
True
Is 1777974 a multiple of 11?
True
Is 183207 a multiple of 173?
True
Is 405 a factor of 291009?
False
Is 225 a factor of 173700?
True
Is 440 a factor of 213400?
True
Is 308312 a multiple of 72?
False
Does 18 divide 258912?
True
Is 449627 a multiple of 153?
False
Is 516 a factor of 8203398?
False
Is 811914 a multiple of 97?
False
Does 96 divide 220992?
True
Does 36 divide 102797?
False
Does 1603 divide 2618247?
False
Is 19 a factor of 5002871?
True
Is 465192 a multiple of 24?
True
Does 30 divide 119194?
False
Does 12 divide 179222?
False
Is 218812 a multiple of 46?
False
Does 115 divide 238749?
False
Does 112 divide 15543696?
True
Is 1624708 a multiple of 166?
False
Is 12 a factor of 6369840?
True
Does 1495 divide 1188785?
False
Is 25 a factor of 48550?
True
Does 44 divide 1389168?
True
Is 19940672 a multiple of 11?
False
Is 358 a factor of 1547321?
False
Does 51 divide 353319?
False
Does 11 divide 52349?
True
Is 883652 a multiple of 38?
True
Is 68678 a multiple of 510?
False
Is 29484 a multiple of 117?
True
Is 379 a factor of 170208?
False
Does 41 divide 1528018?
False
Is 593486 a multiple of 134?
True
Is 408278 a multiple of 82?
True
Is 108 a factor of 4039395?
False
Is 59 a factor of 685941?
False
Is 217 a factor of 188790?
True
Is 2134900 a multiple of 192?
False
Does 1021 divide 587075?
True
Does 219 divide 2607852?
True
Does 21 divide 153972?
True
Is 16 a factor of 1567590?
False
Is 52369 a multiple of 89?
False
Does 9 divide 98685?
True
Does 145 divide 535912?
False
Is 147 a factor of 5466783?
True
Is 57 a factor of 8456463?
True
Does 12 divide 125676?
True
Is 5 a factor of 225054?
False
Does 55 divide 655636?
False
Is 8 a factor of 4598021?
False
Is 188055 a multiple of 5?
True
Is 23 a factor of 21241489?
True
Does 12 divide 70452?
True
Is 876 a factor of 1508472?
True
Is 493932 a multiple of 127?
False
Is 44 a factor of 12760?
True
Does 39 divide 437502?
True
Is 903168 a multiple of 48?
True
Is 22 a factor of 312108?
False
Is 231 a factor of 1533051?
False
Does 15 divide 211329?
False
Is 1595126 a multiple of 13?
True
Is 2695387 a multiple of 101?
True
Is 17 a factor of 229449?
True
Is 689 a factor of 12375129?
True
Does 13 divide 45067?
False
Does 164 divide 5488916?
True
Is 527150 a multiple of 25?
True
Is 195 a factor of 360525?
False
Is 14 a factor of 1528170?
True
Does 24 divide 292536?
True
Does 199 divide 10348?
True
Does 154 divide 1842207?
False
Does 16 divide 9315992?
False
Is 462451 a multiple of 17?
True
Is 5 a factor of 114284?
False
Is 71 a factor of 5342310?
False
Is 147 a factor of 60858?
True
Is 39 a factor of 413001?
False
Is 10 a factor of 73870?
True
Does 15 divide 1129357?
False
Is 142 a factor of 548546?
True
Is 274 a factor of 31510?
True
Is 249831 a multiple of 9?
True
Does 18 divide 473970?
False
Is 32444 a multiple of 29?
False
Is 1464711 a multiple of 131?
True
Is 53 a factor of 190270?
True
Is 8462586 a multiple of 8?
False
Is 40 a factor of 219737?
False
Is 24949628 a multiple of 11?
True
Is 289210 a multiple of 218?
False
Is 8 a factor of 114753?
False
Does 18 divide 379880?
False
Does 23 divide 385810?
False
Is 989320 a multiple of 10?
True
Does 136 divide 6439093?
False
Does 139 divide 4233801?
True
Does 290 divide 1295720?
True
Is 58 a factor of 761514?
False
Does 28 divide 3037656?
False
Is 12 a factor of 220560?
True
Does 20 divide 214480?
True
Does 25 divide 1131125?
True
Is 88 a factor of 8518752?
True
Is 8429529 a multiple of 16?
False
Does 334 divide 9424144?
True
Does